p*v - 614 + 237 = -3*j, -4*j + 4*v + 456 = 0. What is the greatest common divisor of j and n?
17
Suppose -6*s + 80 = -s. Let y be ((-140)/3)/(1/(-3)). Let t be 100*(-7)/(y/(-8)). What is the greatest common divisor of t and s?
8
Let r(i) = 25*i**2 - 2*i**2 - i**2 + 2. Let w be r(-2). Calculate the greatest common factor of 15 and w.
15
Suppose -492 = -5*v + 853. Suppose -v = -5*t + 56. What is the greatest common divisor of 13 and t?
13
Let c(i) = -i**2 - 5*i - 2. Let q be c(-5). Let s be q/6 + (-1140)/(-18). Let k be (-107)/(-5) - 4/10. Calculate the greatest common divisor of s and k.
21
Suppose -14*v + 96 = -8*v. What is the highest common factor of v and 128?
16
Let d(l) = -2*l**2 + 39*l + 16. Let r be d(18). Calculate the greatest common divisor of 28 and r.
14
Suppose 1058 = 5*d - l - 582, 0 = 2*d - 3*l - 656. Suppose -3*t + 71 = -d. What is the greatest common factor of 19 and t?
19
Let w = -1 - -25. Calculate the highest common factor of 8 and w.
8
Let k be -3 - (-926 - (3 + -2)). Let b be (k/(-15))/(3/(-30)). Suppose 3*p - 308 = p + 4*z, -4*p + b = -3*z. What is the greatest common divisor of 22 and p?
22
Suppose -3*v - 2*k = 2*v - 248, 2*k = -v + 48. Let l = 34 + v. Calculate the greatest common factor of l and 12.
12
Let n = 7 + 11. What is the greatest common factor of n and 54?
18
Suppose l + 3*f = 2*l - 143, l + 4*f - 164 = 0. What is the greatest common divisor of 19 and l?
19
Let o = 136 - 98. What is the greatest common divisor of 380 and o?
38
Let k be 2*(9/(-2))/(-1). What is the highest common factor of 1 and k?
1
Let j be 2/(-4)*(0 - 1)*238. What is the highest common divisor of j and 17?
17
Let k = 9 + -6. Let x = -5 - 1. Let c be -10*(-2)/(-5)*x. Calculate the highest common factor of c and k.
3
Let p be (0 + 3)/(3/20). Let q be p/6*24/5. Suppose -255 = -5*s - 5*h, 3*s - 3*h - 79 = 56. What is the greatest common factor of s and q?
16
Suppose 2*x + 98 = 3*h, 0*h - x + 127 = 4*h. What is the greatest common factor of 112 and h?
16
Suppose 0 = j - 3*a - 154, -j - 5*a + 148 = -6*a. Let f = j - 96. What is the greatest common divisor of 7 and f?
7
Let l = 34 + -24. Suppose 3*t + 2*f - 14 = 0, -4 = -2*t + 2*f + 12. Suppose -t*h + l = -h. What is the highest common factor of h and 2?
2
Let c = 181 - 38. What is the highest common factor of 13 and c?
13
Let x be 2/(-3) - 1600/(-24). Calculate the greatest common factor of 33 and x.
33
Let n(z) = z. Let o be n(3). Suppose -o*r = -3*w - 45, 5*r - 3*r + w = 36. Calculate the greatest common factor of r and 34.
17
Let y = 44 + 1. Let s(w) = -w**3 + 3. Let v be s(-3). What is the greatest common divisor of y and v?
15
Suppose 4*q + 3*m = 451 + 509, q - 5*m = 240. Suppose -4*x + 2*p = 3*p - 99, 0 = -5*x - 4*p + 132. What is the greatest common divisor of q and x?
24
Let b be ((2*1)/2)/((-80)/(-7680)). What is the highest common divisor of 8 and b?
8
Let r(y) = 3 + 0 - 2*y + 7*y + 4*y**2. Let a be r(-3). Suppose 2*n + 3*q = 2*q + 3, 4*n - 18 = 2*q. What is the greatest common factor of a and n?
3
Let k = 104 + 9. Suppose t = -0*t - 3, 4*b = 3*t + k. Calculate the highest common factor of 13 and b.
13
Let i(g) = -g - 2. Let f be i(-2). Let n(z) = z**2 + z + 22. Let o be n(f). What is the highest common divisor of 11 and o?
11
Let j = 140 - 19. Let m(x) = -10*x + 1. Suppose u + 2*h = 6*u + 7, u - h = -2. Let d be m(u). What is the highest common factor of d and j?
11
Let d be (-4)/(-5)*-1*-10. Let f be (-2)/4 + (-774)/(-12). Let m be 10/1*f/20. What is the greatest common factor of d and m?
8
Let d = -17 - -31. Calculate the greatest common factor of d and 14.
14
Let u = 2 - -97. Calculate the greatest common divisor of 9 and u.
9
Let p(n) = -5*n + 8. Let k be 14*(-3)/(-6)*-1. Let g be p(k). Let s = -20 + g. Calculate the greatest common divisor of 69 and s.
23
Suppose 0*l - 116 = -2*l + 2*c, -3*l + 2*c + 173 = 0. Calculate the highest common factor of 38 and l.
19
Suppose 0 = -4*j - 2*j + 54. Calculate the highest common factor of j and 3.
3
Suppose -226 = -10*g + 194. Calculate the highest common factor of g and 12.
6
Suppose 3*a - 3*f - 15 = 0, -2*a + 9 = -3*f - 1. Suppose -20 = 4*k, -2*x - a*k + 13 + 34 = 0. Calculate the greatest common divisor of 4 and x.
4
Let g = -5 + 5. Let y be (-1 - (-21 - -2)) + g. Calculate the highest common factor of 27 and y.
9
Let m be (-2)/8 + (-193)/(-4). Let w be (-12)/10*10*1/(-1). Calculate the highest common factor of w and m.
12
Let y(c) = 2*c**2 + 12*c - 17. Let z be y(-13). Let l be -3 + (8 - -1)*2. What is the highest common factor of z and l?
15
Let v be (25/(-20))/((-1)/32). What is the highest common divisor of 24 and v?
8
Let l(a) = -a**2 - 5*a. Let m be l(-5). Suppose m = -4*c + 3*c + 11. What is the highest common factor of c and 1?
1
Let b be 5*8/(120/567). What is the greatest common factor of b and 21?
21
Let t be (-4)/8 + 326/4. Calculate the highest common divisor of t and 3.
3
Let x(p) = -16*p - 2. Let z be ((-6)/9)/((-2)/(-6)). Let y be x(z). Calculate the greatest common factor of y and 6.
6
Let v = 60 - 21. Suppose -4*n + v = -n. Let d = n - 8. What is the greatest common divisor of d and 25?
5
Suppose 5*r - 5*s - 40 = 0, 0 = -3*r + s + 4 + 12. Calculate the greatest common factor of 12 and r.
4
Let w = -340 - -580. Suppose -g = 5 - 35. What is the highest common divisor of w and g?
30
Let a(g) = -7*g + 2. Let x be a(-5). Let c = x - 20. Calculate the greatest common divisor of 51 and c.
17
Suppose -4*v - 3*y = -1599, 670 = 2*v - 3*y - 107. What is the highest common divisor of 12 and v?
12
Let v = -349 + 583. Let s = -28 + 54. Calculate the highest common divisor of v and s.
26
Let o(b) = 2*b**2 + 2*b - 2. Let n be o(-2). Calculate the greatest common factor of n and 14.
2
Suppose -2*c + 0*c + 4 = 0. Suppose -130 = -3*j + 4*l, -l + 55 = 3*j - c*j. What is the highest common factor of j and 10?
10
Let k be 2/12 + 55/30. Suppose k*s + 12 = 4*s. What is the highest common factor of s and 30?
6
Let o(u) = u**2 - 8*u + 15. Let d be o(9). What is the greatest common factor of d and 96?
24
Let y = 57 + -52. Suppose -a - 2*d + 25 = d, 2*a - 45 = -5*d. What is the highest common divisor of y and a?
5
Suppose -2*q - 9 = -13. Suppose 4*p + 0 - 4 = 2*s, -2*s + q*p + 6 = 0. Calculate the highest common factor of 88 and s.
8
Let o(n) = n**2 + 3*n - 4. Let j(v) = -2*v**3 + v**2 - v - 1. Let s be j(-1). Let f be o(s). Let l = -69 - -195. What is the greatest common divisor of l and f?
14
Let t(w) = 20*w + 4. Let d be t(2). Let u(o) = o**3 + 5*o**2 - 3*o - 3. Let s be u(-5). Let x = d - s. What is the highest common factor of x and 8?
8
Suppose 9 = 2*i + 1. Suppose s - i*v - 8 = -0*s, 0 = 3*v - 3. Calculate the highest common divisor of s and 36.
12
Suppose 5*j + 2 = 4*k, 0*k - 15 = -5*k. Suppose -4*w + 37 = -y, w = -w - 5*y + 35. What is the greatest common divisor of w and j?
2
Let o be ((-12)/10)/((-5)/50). What is the greatest common factor of o and 4?
4
Suppose -10 = -3*m + 2. Let u be 4/(m + -2) + 187. What is the highest common divisor of u and 21?
21
Suppose 4*a - 50 = -a. Calculate the greatest common divisor of a and 80.
10
Suppose 3*r - 3*w = 15, 10 = 2*r + w - 3. Calculate the greatest common divisor of r and 42.
6
Let f be ((-76)/(-4)*-3)/(-1). What is the greatest common divisor of f and 19?
19
Let u(a) = a**3 - 11*a**2 - 2*a + 2. Let m be u(12). Suppose 3*s + 2*j = m, -1 - 95 = -2*s - 5*j. What is the highest common factor of s and 19?
19
Suppose 3*d = 2*d + 80. What is the greatest common factor of d and 16?
16
Suppose -g = a - 29, 2*a = g - 0*a - 38. What is the greatest common divisor of g and 4?
4
Let w = 14 - 5. What is the greatest common divisor of w and 9?
9
Let i(g) = 64*g**2 + 1. Let c be i(1). Suppose -v - c = -5*o, 20 + 17 = o - 5*v. Calculate the highest common factor of o and 8.
4
Suppose 0 = -4*j + 3*j + 12. Let c = 2 + j. Let t = -6 + 20. Calculate the highest common divisor of c and t.
14
Let s = -52 - -76. What is the highest common factor of s and 24?
24
Suppose -4*t + o + 191 = -46, 9 = 3*o. Suppose -3*l = -79 - 41. What is the greatest common factor of l and t?
20
Let v = -8 - -7. Let h(p) = 1. Let o(m) = -m**2 + 6*m - 2. Let k(a) = v*o(a) - 4*h(a). Let r be k(7). Calculate the greatest common divisor of